 is the units digit of g?
1
Let y be ((-3 - -3)/(-1))/(-1). Suppose -2*f + f + 5 = y. Let s(b) = 4*b - 2. What is the tens digit of s(f)?
1
Suppose 4*r = -5*z + 23, 4*z = -5*r + 26 - 4. Suppose 2 = r*k - 0. What is the units digit of k?
1
Suppose 3*k - 24 - 36 = 0. What is the units digit of k?
0
Let m(q) be the third derivative of 1/6*q**5 + 0*q + 0 + 0*q**3 + q**2 + 7/24*q**4 + 1/120*q**6. What is the units digit of m(-9)?
8
Let d(a) = a + 12. Let g be d(-9). Suppose 0 = -3*j + 3*o + 78, -2*j - g*j - 4*o + 103 = 0. What is the tens digit of j?
2
Let d(y) = 6*y - 38. What is the units digit of d(7)?
4
What is the tens digit of 29 + 0 + -6 + 3?
2
Suppose -5*d + 71 = -199. Let i = d - 7. What is the tens digit of i?
4
Let t(p) = -2*p + 6*p**2 + 3 - 12*p**2 - p**3 - p. What is the tens digit of t(-6)?
2
Suppose 3*a - 4*a + 2 = 0. What is the units digit of a?
2
Let z(d) = d**3 - 9*d**2 + 9*d - 8. What is the hundreds digit of z(11)?
3
Let q = 4 + -8. Suppose 0 = 4*n + f + 64, -3*f + 0*f + 48 = -4*n. What is the units digit of q/(-6) - 95/n?
7
Let r = -5 + 2. Let t = r + 7. Suppose 0 = -t*h + 5*u + 25, -3*u + 7 = 2*h - 0*u. What is the units digit of h?
5
Suppose 0 = -3*s + 25 + 65. What is the units digit of s?
0
Suppose -19 = -4*d - 5*g, -2*g - 1 = -d - 6. Suppose -i + 23 = 3*a, 1 + d = -i + 2*a. What is the units digit of i?
8
Suppose -5*h + 5*d = -85, 2*h + 4*d = 5*h - 54. What is the tens digit of h?
1
Let z(y) = -10*y - 1. What is the tens digit of z(-4)?
3
Suppose 0*a + 2*a - 56 = 0. Let k = 6 + a. What is the units digit of k?
4
Let x = -42 + 30. Let h be (x/15)/((-2)/5). Suppose 4*k - 4 = h*k. What is the units digit of k?
2
What is the tens digit of (-42)/(-4) + ((-45)/10)/(-9)?
1
Let l(s) = -8*s + s**2 - 3 - 2*s**2 - 5 + 0. What is the units digit of l(-6)?
4
Let q(z) = -9*z - 16. What is the tens digit of q(-14)?
1
Suppose 3*n - 441 = 3*a, 684 + 61 = 5*n + 5*a. What is the tens digit of n?
4
Let q = 12 - 8. Let j be 168/44 - q/(-22). Suppose -5*z = -j*r - r - 40, -r - 26 = -3*z. What is the units digit of z?
9
Let q = -47 + 72. What is the tens digit of q?
2
Suppose 0*x - 2*x = -4*u + 224, 4*u = 3*x + 226. What is the units digit of u?
5
Let y = 2 + -5. Let z = 5 + y. Suppose 2*h = -o + 14, 0*o + z*o + 5*h = 31. What is the units digit of o?
8
Let v = -108 - -260. What is the hundreds digit of v?
1
Suppose -g + 852 = 3*g. What is the tens digit of g?
1
Let g = 4 + -8. Let n(z) = -z - 2. Let p be n(g). Suppose 0*o + p*o - 8 = 0. What is the units digit of o?
4
Let z(s) = 11*s + 16. What is the tens digit of z(5)?
7
Suppose -4*p + 328 = h + 3*h, 3*h + 4*p - 245 = 0. What is the units digit of h?
3
Let a(d) = d**3 + 3*d**2 - 7*d - 10. What is the units digit of a(-4)?
2
Let h = 56 + -40. What is the units digit of h?
6
Let a(w) = w**3 - 4*w**2 + 3*w - 2. What is the tens digit of a(6)?
8
What is the units digit of ((-19)/2)/(2/(-12))?
7
Let y = -24 + 34. Let t be (-4)/20 + (-87)/15. Let u = t + y. What is the units digit of u?
4
Let f be ((-6)/(-10))/((-5)/25). Let z be 6 + (0 - (f - -4)). Let y = 8 - z. What is the units digit of y?
3
Let i(a) = a**3 + 5*a**2 - 2*a - 4. Let y be -2 + -2 - -2 - 3. Let z be i(y). What is the tens digit of 2*(-15)/(-12)*z?
1
Let y(k) = -k - 6. Let u(f) = -1. Let z(r) = r + 5. Let v be z(-4). Let p(a) = v*y(a) - 4*u(a). What is the units digit of p(-3)?
1
Let b(o) = 16*o**2 + 40*o - 1. Let x(h) = -1 + 2 - 3*h**2 - 1 - 8*h. Let a(l) = 2*b(l) + 11*x(l). What is the units digit of a(-7)?
5
Let l be (6/(-15))/(4/20). What is the units digit of l + 1 + 1 + 4?
4
Suppose 3*k + 4*s - 534 = 0, 855 = 5*k - 6*s + s. What is the hundreds digit of k?
1
Suppose 23 = 3*n - 1. What is the units digit of n?
8
Let y(s) = -4*s**2 + 9*s - 3. Let r(a) = -21*a**2 + 45*a - 15. Let m(o) = 2*r(o) - 11*y(o). What is the tens digit of m(6)?
2
Let d = -5 - -6. Suppose -2*n - 6 = 3*x, -n + x = -x - 11. Suppose -n*q + 4*c - 3 = -28, -q - d = c. What is the units digit of q?
3
Let m(w) = -4 + 3*w + 3 - 4 + 0. What is the units digit of m(4)?
7
Suppose 3*d = -4*a + 211, d - 4*a = -d + 134. What is the tens digit of d?
6
Let d be ((-1)/2)/((-2)/12). Let w = -1 + d. What is the units digit of w?
2
Suppose -p = 1 - 2. What is the units digit of 23 + (-1 + p)/(-2)?
3
Suppose -144 = -3*o + 3*p, 0*o - 5*p + 18 = o. What is the units digit of o?
3
Let o(a) = -7*a + 5. What is the units digit of o(-4)?
3
Suppose n = 5*d + 7, -41 = -3*n - d - 4*d. Suppose 3*f - 71 = -3*t - 17, -t + 2*f = -n. Let i = -10 + t. What is the units digit of i?
6
Let v = 5 - 3. Suppose -3*m - v = -8*m - 4*i, 5*i + 6 = -2*m. Suppose 0 = -m*w - z + 11, 5*w + z - 3*z = 50. What is the units digit of w?
8
Let z = -1 - -6. Suppose -z*u - 3 = -23. What is the units digit of u?
4
Suppose 55 + 269 = 2*w. What is the tens digit of w?
6
Suppose 0 = i + 3*i + p + 3, -12 = 4*p. Let z = 16 - 9. Suppose x - z = -i*x. What is the units digit of x?
7
Suppose -2 = -5*f + 4*f, 3*f - 13 = u. Let x = u - -11. What is the units digit of x?
4
Let y be 8/(-5)*15/(-6). Let k(c) = c + 2. Let g be k(y). What is the units digit of ((-4)/g)/((-1)/3)?
2
Let u be -2 + (-3)/(-3) + -4. Let r = u + 7. What is the units digit of r?
2
Let n(q) = q**2 + 3*q - 14. What is the hundreds digit of n(10)?
1
Let n = 5 + -167. What is the tens digit of n/(-6) + 0 + -2?
2
Let w = 13 - -10. What is the tens digit of w?
2
Suppose 10*j = 11*j - 56. Suppose r = 2*f - j, 4*f - r = 63 + 47. What is the units digit of f?
7
Suppose 0*d - 5*d - 610 = 0. Let n = -84 - d. Suppose -2*s - 16 = -n. What is the units digit of s?
1
Suppose 4*u - 1 = 7. Let t(x) = -4*x**2 + 8*x**2 - 3*x**2 + 1 + x**2. What is the units digit of t(u)?
9
Let m(f) = -f + 6. Let z = -9 - -4. Let g be m(z). Suppose -4 = -5*p + g. What is the units digit of p?
3
Suppose 4*n - 4 - 8 = 0. Let h(b) = 2*b**2 - 3*b. Let o be h(n). Suppose 0 = t - o + 3. What is the units digit of t?
6
What is the tens digit of 60/390 - (-6574)/26?
5
Suppose 0 = v - 2*p - 17, -v - 6*p + 35 = -2*p. What is the units digit of v?
3
Let c(j) = j - 3. Let i be c(3). Let l = -4 - i. What is the units digit of 4 - l - 0/1?
8
Let b be (7 - 1)/(2/(-4)). What is the units digit of b/36*(1 + -7)?
2
Suppose -5*z + 9 = -p + 5*p, -4*z + 18 = 5*p. What is the units digit of p?
6
Let v(x) = -5*x**3 + 10*x**2 - 3*x - 4. Let c(o) = -9*o**3 + 19*o**2 - 5*o - 9. Let y(f) = -4*c(f) + 7*v(f). What is the units digit of y(6)?
2
What is the tens digit of 139/3 - 5/15?
4
Let f(s) = s + 2. Suppose -4*b = -9*b - 30. Let p be f(b). Let c = 5 + p. What is the units digit of c?
1
Suppose -795 = 5*o - 5*s, s - 159 = o + 3*s. Let c be o/(-6) - 1/2. Suppose l + 1 = 5, n = -l + c. What is the tens digit of n?
2
What is the units digit of (-2)/10 + (-164)/(-20)?
8
Let b(f) = 3*f**2 + 1. Let o be b(1). Let m be (1/2)/((-6)/(-12)). Suppose g = o*x - 10, -3*g - 2 - m = -3*x. What is the units digit of x?
3
Suppose 2*o + 3*o = 35. Suppose -2*t = -o*t. Suppose q - i = 13, t*i - 9 = -q - i. What is the units digit of q?
1
Suppose s = f + 11, 1 - 58 = -5*s + 4*f. Suppose 8 = 3*b - s. What is the units digit of b?
7
Let o(s) = -6*s. Let k(g) = -g - 4. Let h be k(-8). Suppose -z + 6 = -h*z. What is the units digit of o(z)?
2
Suppose -4 = -2*s + b, 4*s - 3*b = b. Let t = s - -21. What is the units digit of t?
5
Let c = -10 + 14. Suppose 0*q = -q + 2*w + 37, c*q = -w + 139. Suppose q = 3*g + 8. What is the units digit of g?
9
Suppose 0 = -0*r + 5*r - 155. What is the units digit of r?
1
Let y(r) = -r**2 + 5*r + 6. Let a = 0 + 6. Let n be y(a). Let u = 8 + n. What is the units digit of u?
8
Let l(d) = -d**2 + 5*d - 3. Let c = 4 - 2. Suppose -c*r = -5*r + 6. What is the units digit of l(r)?
3
Let d(q) = q**3 + 6*q**2 + 4*q + 1. Let l(w) = w. Let t(y) = d(y) - 2*l(y). What is the tens digit of t(-5)?
1
Suppose -2*z = 4, -2*z = -5*f + z + 96. Suppose 2*y = 5*y - f. Suppose q - y = -b, 5*b + 14 = -q + 32. What is the units digit of q?
3
Let l be 51/7 + (-2)/7. Let r = 10 - 12. What is the units digit of r/3*(4 - l)?
2
Let q(b) = 2*b**3 + 7*b**2 - 3*b + 7. Let x(h) = -h**3 - h**2 - h - 1. Let z(g) = -q(g) - x(g). Let p be 3/6 - 30/4. What is the units digit of z(p)?
5
Let f = 8 + -11. Let j = 15 + f. What is the units digi